 is divided by 33?
23
Let n = -1420 - -1483. Calculate the remainder when 115 is divided by n.
52
Let h = 219 + -143. Suppose h + 60 = 4*d. What is the remainder when 168 is divided by d?
32
Let j be (42/9)/(2/12). Let r = j - 15. What is the remainder when 24 is divided by r?
11
Let g(a) = 328*a**3 - a. What is the remainder when g(1) is divided by 5?
2
Let s(k) = -3*k**2 - 2*k + 8. Let t be s(10). What is the remainder when 21 is divided by (-2)/(-9) - t/54?
3
Let r(s) = -4*s**2 - 45*s + 41. Let a(d) = -d**3 - 5*d**2 - 4*d + 3. Calculate the remainder when a(-5) is divided by r(-12).
3
What is the remainder when (26 + -4)*(0 + 37) is divided by 48?
46
Suppose -4*g = 3*v - 53, g + 89*v = 94*v + 19. Suppose 0 = 5*t - 0*t - 3*z - 217, 143 = 3*t - 5*z. Calculate the remainder when t is divided by g.
13
Let q(j) = 2*j - 4. Let s be q(-3). Let v be (-2)/s - (-42)/(-35). What is the remainder when v/3 + (-182)/(-6) is divided by 16?
14
Let y(b) = -2*b**3 - 24*b**2 + 15*b - 15. Calculate the remainder when y(-13) is divided by 26.
24
Suppose -2*s + c = -3*c - 30, 69 = 4*s - 5*c. What is the remainder when 23 is divided by s?
2
Suppose 5*k - 675 = 2355. Calculate the remainder when k is divided by 102.
96
Suppose -4 - 18 = -h. Suppose -3*i + 6 = -0*i. Calculate the remainder when (-14)/42*(1 - h) is divided by i.
1
Let a = -27 - -654. What is the remainder when a is divided by 15?
12
Suppose 5*m = -0*m + 455. Suppose 3*a - i - m = i, 4*a + i - 103 = 0. What is the remainder when 106 is divided by a?
25
Let l(r) = 8*r**2 + 18*r - 61. Calculate the remainder when 241 is divided by l(3).
46
Suppose -3*h + 340 = h. Let x(k) = -k**2 + 12*k - 20. Let z be x(10). Suppose w - 34 + 12 = z. What is the remainder when h is divided by w?
19
Let k(j) = -j**2 - 15*j - 25. Let s be k(-13). Calculate the remainder when 25 is divided by (s*5 + 1)/((-20)/(-30)).
7
Suppose -4*j - 577 = -2*u + 131, -2*u + j = -708. Let l = u + -224. What is the remainder when l is divided by 33?
31
Let j(l) = l**3 + 17*l**2 + 30*l + 12. Calculate the remainder when 347 is divided by j(-15).
11
What is the remainder when 68 is divided by 24/(-13) + 40/(-260) - -9?
5
Let k be -2 - ((-10672)/20 - 2/5). Suppose 8*i = 444 + k. What is the remainder when i is divided by 41?
40
Let g be -2 + 7 + 4/(-4). Let d(l) = -l + 9. What is the remainder when 21 + (-3)/(g/(-4)) is divided by d(0)?
6
Let f(p) = -29*p - 199. What is the remainder when f(-11) is divided by 58?
4
Let c = -39 - -27. Let l = c + 14. What is the remainder when l is divided by 1?
0
Let n(i) = i**2 - i - 59. Calculate the remainder when n(-10) is divided by 20.
11
Let l = 200 + -184. What is the remainder when 28 is divided by l?
12
Let r(g) = 2*g**3 + 5*g**2 - 5*g + 4. Let j be r(3). Let h = j - 24. Suppose 7 = b - h. What is the remainder when b is divided by 12?
11
Let h = -13 - -2. Let a = 40 + h. Let b = -12 + a. Calculate the remainder when 49 is divided by b.
15
Let r = 14 - -26. Let n = r - 4. Suppose 0*h = 2*h - n. Calculate the remainder when h is divided by 7.
4
What is the remainder when (4/6)/(54/(-243)) + 17 is divided by 4?
2
Let g = 1241 + -909. What is the remainder when g is divided by 9?
8
Let z be (6/5)/((-2)/30). Let v = -12 - z. What is the remainder when 10 is divided by v?
4
Suppose 10 = 199*v - 198*v. Calculate the remainder when 17 is divided by v.
7
Let w(c) = 10 - 40*c**2 + 12*c + 0 - c**3 + 29*c**2. Calculate the remainder when w(-12) is divided by 4.
2
Let n = -548 - -616. Calculate the remainder when 266 is divided by n.
62
Let n(y) be the first derivative of -y**2/2 + 4*y + 3. Let f be n(2). Suppose -3*g = f*g - 295. What is the remainder when g is divided by 20?
19
Suppose -11*p = -16*p + 220. What is the remainder when 175 is divided by p?
43
Calculate the remainder when 1740 is divided by (-397)/(-19) + 138/1311.
18
Suppose 0 = 3*v - 71 + 14. Let s = 125 + -105. Suppose -21*w + 75 = -s*w. Calculate the remainder when w is divided by v.
18
Calculate the remainder when 199 is divided by ((-5)/(-20) - 4)/((-6)/80).
49
Let j = 141 - 61. What is the remainder when j is divided by 23?
11
Suppose -10 = 5*r, -5*b - 4*r = -3 - 44. Let j = 36 + -5. Calculate the remainder when j is divided by b.
9
Let h = -2 - -11. Suppose -h = -6*i + 243. Calculate the remainder when 165 is divided by i.
39
Suppose -t = 4*f - 608 + 10, 5*f = -3*t + 751. Suppose -5*q - 96 = -286. What is the remainder when f is divided by q?
35
Suppose 0 = 2*f + 188 - 296. What is the remainder when 161 is divided by f?
53
Suppose 7*r + 0*r - 21 = 0. Suppose -2*j - 34 = -2*x, 7*x - 55 = 2*x - 5*j. Calculate the remainder when x is divided by r.
2
Suppose 0 = -p - 2*g - 0*g - 10, -4 = -4*g. What is the remainder when ((-56)/p)/(3/9) is divided by 9?
5
Suppose -18 - 10 = -4*n. Suppose x + k = 0, -3*x - 3*k = 2*x - 4. Suppose 0 = -3*y + 12, -1 = -x*f - 2*y + 13. What is the remainder when n is divided by f?
1
Let p(j) = j**3 + 5*j**2 - 19*j - 70. What is the remainder when 29 is divided by p(-6)?
5
Suppose -6*a + 55 = 13. Suppose -3*l + 7*l = 3*f + 135, -5*l + 3*f + 168 = 0. Calculate the remainder when l is divided by a.
5
Let y = 86 - -81. What is the remainder when 345 is divided by y?
11
Calculate the remainder when (999/18 + -7)*18 is divided by 12.
9
Suppose -642 = 1126*y - 1128*y. Calculate the remainder when y is divided by 81.
78
Let s(u) = 7*u**2 - u - 3. Suppose 0 = -7*r + 12*r + 15. What is the remainder when s(r) is divided by 22?
19
Suppose 7*m = 5*m + 698. Suppose m = 5*y - 136. What is the remainder when y is divided by 33?
31
Let z = -4 - -12. Suppose 3*k + 20 = 5*l, -2*l - 2*l + 4*k = -z. What is the remainder when ((-3)/(-9))/(1/75) is divided by l?
4
Suppose 0 = -3*z - 0*z + r + 501, -3*z + 4*r = -510. Let d = -1860 - -1872. Calculate the remainder when z is divided by d.
10
Calculate the remainder when (3 + -4)*(-679 - -2) is divided by 68.
65
Let c = 25 - 29. What is the remainder when 30 is divided by 66/c*24/(-36)?
8
Let k(a) = 3*a**3 - 4*a**2 + 2*a + 2. Suppose -2 = 2*x - 6. Suppose -2*n = n - 9. What is the remainder when k(x) is divided by n?
2
Let q = 45 + -51. Let f(g) = g**3 + 7*g**2 - 6. Calculate the remainder when f(q) is divided by 17.
13
Suppose -52 = -5*a + 98. Suppose 4*k + 5*n = 16, -2*k + 3*k - n - 4 = 0. Suppose -k*w - 4*w + 696 = 0. Calculate the remainder when w is divided by a.
27
Suppose 0*k - k + 14 = 4*g, -3*g + k = -14. Let y be -22 + (-2 + 7 - 3). Calculate the remainder when g*(3 - y/(-8)) is divided by 2.
0
Suppose -j - a + 75 = 35, -a + 160 = 4*j. What is the remainder when 84 is divided by j?
4
Let z(w) = -w + 11. Suppose 18*y - 13*y = 235. What is the remainder when y is divided by z(-13)?
23
What is the remainder when (-1 + 1 - 74)*(-1)/2 is divided by 13?
11
Let n be (-4 - 61)/(-5) - 2. Suppose 4*d = 3*a + 32, d + n = -0*a - 4*a. What is the remainder when 8 is divided by d?
3
Suppose t = -24 + 36. Suppose -396 = -0*a - t*a. Calculate the remainder when 96 is divided by a.
30
Let y(i) = i**3 + 14*i**2 + 22*i - 15. Let n be y(-12). Calculate the remainder when 23 is divided by n/2 + (-4)/(-24)*9.
5
Let y = 159 + -152. What is the remainder when 25 is divided by y?
4
Let t = -46 + 40. Let j(q) be the third derivative of -q**6/120 - q**5/12 + 5*q**4/24 + 3*q**3/2 - 4*q**2. Calculate the remainder when 42 is divided by j(t).
12
Suppose -11 - 16 = w. Let z = 16 + w. Let t = z + 49. What is the remainder when t is divided by 13?
12
Let m be (5/(-3))/((-5)/15). What is the remainder when ((-4)/3)/(4/(-78)) is divided by -2*(81/(-6))/(m + -2)?
8
Let w = -119 - -158. What is the remainder when w is divided by 18?
3
Let d be (0/(4 - 6))/(-1). Suppose 24 = -d*p + 8*p. What is the remainder when p/((-7)/(770/(-6))) is divided by 20?
15
Let p = 0 - 10. Let k(j) = j**3 - 8*j**2 + 2*j + 1. Calculate the remainder when k(8) is divided by (p/3)/(6/(-18)).
7
Let d = 1509 - 1449. Calculate the remainder when 304 is divided by d.
4
Suppose 4*f = -0*r + r - 82, -f = -3*r + 301. Calculate the remainder when r is divided by 15.
12
Let w = 16 + -8. Suppose -2*v = -4*r, 0 = 3*r - r - 5*v. Suppose -n + 21 + 10 = r. Calculate the remainder when n is divided by w.
7
Let c = 22 - 13. Suppose -5*v + 787 = 30*v -